prime factors of c?
31, 881
Suppose -2351*p + 36330 = -1158*p - 1178*p. List the prime factors of p.
2, 7, 173
Suppose -6 + 0 = -2*l - 2*v, -13 = -3*l - 5*v. What are the prime factors of 80 - -485 - (l + -1)?
5, 113
Suppose 2*u - 39 = 95. Let l = u + 87. List the prime factors of l.
2, 7, 11
Let t(k) = -134*k - 294. Let y(x) = 133*x + 295. Let l(z) = -6*t(z) - 5*y(z). List the prime factors of l(9).
2, 5, 7, 11
Suppose 3*x = -4*d + 47 + 148, 0 = 5*d - 4*x - 205. Let s(h) = 6*h + 8*h + d - h**3 + 4*h + 0*h**3 - 17*h**2. What are the prime factors of s(-18)?
3, 5
What are the prime factors of (61622/(-55))/(1 + (-296)/(-60) - 6)?
2, 3, 2801
Suppose 0 = -6*a - 777 - 2547. Let g = a - -1000. What are the prime factors of g?
2, 223
Let u(j) = -8453*j - 72. What are the prime factors of u(-1)?
17, 29
Suppose -34 + 9 = -5*k. Suppose -196 = -k*v - 2*v. Suppose 0 = -4*i + 88 - v. List the prime factors of i.
3, 5
Suppose -5*k - 20 = 4*w, w + 4*k - 8 = 6*k. Suppose 2*b + 42 - 270 = w. What are the prime factors of b?
2, 3, 19
Suppose 2*m + 22 = x, -2*m + 31 = 3*x - 51. Suppose -3799 = -x*s + 7901. List the prime factors of s.
2, 3, 5
List the prime factors of (-8)/28 - (983520/(-70) + 3).
11, 1277
Let h(l) = -21*l + 276. Let z(f) = -2*f**2 + 19*f + 13. Let d be z(12). List the prime factors of h(d).
3, 421
What are the prime factors of (-7)/35 + (-29781)/(-5)?
2, 1489
What are the prime factors of 110/154 + 506424/56?
2, 7, 17, 19
Suppose 8*z - 20*z + 24 = 0. Suppose 0*s + z*s = 4*d + 76, 2*s = -5*d + 58. List the prime factors of s.
2, 17
Let t = 98938 - 58567. What are the prime factors of t?
3, 13457
Suppose 7*a - 16 = 3*a. Suppose 0 = g + k + 275, -a*g + g - 5*k = 817. Let i = -161 - g. What are the prime factors of i?
2, 59
Let w = 299 + 240. Suppose -74 = -20*v + 6. Suppose -v*g = -3*q + 535, 2*g + 0*g + w = 3*q. What are the prime factors of q?
181
Let i(p) = -p**3 + 4*p**2 - p + 9. Let y be i(4). Suppose -169 + 1294 = y*a. List the prime factors of a.
3, 5
Suppose -4*q - 12 = 0, 12*n - 11*n = q + 6. Suppose 3874 = n*v - 2*o, -3*v - 2*o + 3854 = -0*o. List the prime factors of v.
2, 7, 23
Let g(z) = 2*z**3 + 7*z**2 + 53*z + 3. List the prime factors of g(18).
3, 7, 709
Suppose 343 + 557 = 6*z. Suppose 10*b + z = 15*b. Suppose 4*a = k + 497 + b, 4*k - 381 = -3*a. What are the prime factors of a?
131
Let c(g) = 726*g + 9736. What are the prime factors of c(3)?
2, 7, 23, 37
Let f = -38336 + 59214. List the prime factors of f.
2, 11, 13, 73
Let u(a) = -6*a. Let s be u(-1). Suppose 7*k - s*k = -488. List the prime factors of k/24*(-9)/3.
61
Let o(s) = s**2 + 15*s + 16. Let z be o(-14). Suppose -z*w - 2*w = 2*y + 14, 0 = -2*w + 3*y - 27. List the prime factors of w*(-23)/7*(-20 + 27).
2, 3, 23
Let a(i) = -i**3 + 8*i**2 - 2*i - 3. Let v be a(7). Let b be v/10 + 4/(-40)*2. Suppose -b*s + 8*s = 5, 5*r - 516 = 4*s. What are the prime factors of r?
2, 13
Let z be 17/34 - (-1)/(-2). Suppose 0 = -t + 2*i - 263, z*i - i = -4*t - 1087. Let y = -94 - t. List the prime factors of y.
179
Suppose -5*f - 57 + 202 = 0. Suppose -f*q + 26*q + 42 = 0. List the prime factors of q.
2, 7
Suppose 15 + 25 = 2*n. Let t(f) = 14*f + f**2 + 0 + 6 + 2 - n*f. What are the prime factors of t(6)?
2
Let u = -17 - -19. Suppose 0 = -6*z + 22 + u. List the prime factors of (-8814)/(-54) + z/(-18).
163
Let v = -123 - -222. Suppose 2*t + v = -3*w + 5*t, 2*t - 150 = 5*w. Let p = 66 + w. List the prime factors of p.
2, 19
List the prime factors of 560004/15 - (-63)/(-105).
37, 1009
Suppose 88*t - 117*t = -6003. List the prime factors of t.
3, 23
What are the prime factors of 42/(-20)*-10 + 45928?
45949
Suppose -315*m = -327*m + 52680. What are the prime factors of m?
2, 5, 439
Suppose 25*o = -9*o - 14*o + 651696. List the prime factors of o.
13577
Suppose 3*t = -116 + 4355. Let a be 3/15*-2 - t/5. Let y = -196 - a. What are the prime factors of y?
3, 29
Suppose -7*c + 3*c = 28, -h = -3*c - 24001. What are the prime factors of h?
2, 5, 11, 109
Let v(n) = -n**3 - n**2 - n + 1. Let r(a) = 0 + 322*a**3 - 14 - 4*a**2 + 13*a**2 + 9*a - 317*a**3. Let h(g) = -r(g) - 4*v(g). List the prime factors of h(-7).
11, 13
Suppose -2*j = 5*k - 13662 - 6975, -3*j + 5*k = -30943. What are the prime factors of j?
2, 2579
Suppose -2 = -4*r - c - c, 0 = -4*c - 4. Suppose -47 - 1 = 8*t. List the prime factors of 1 + (-32)/t*21*r.
113
Suppose -3*n + 4*n = -4*n. Suppose n = -2*i + 5 - 7. List the prime factors of i*(-2 + 3 - 124).
3, 41
Suppose -3168 = 5*l + 3*b - b, -4*b + 4 = 0. Let x = -450 - l. What are the prime factors of x?
2, 23
Let c be 0 + 5*-1 - (-46 - -41). Suppose c = 4*u - 74 - 242. List the prime factors of u.
79
Let v = 3310 + 4812. List the prime factors of v.
2, 31, 131
List the prime factors of (-8)/((-56)/11375)*13.
5, 13
Let s = -322 - -606. Let i = 183 + s. List the prime factors of i.
467
Suppose -67054 = -5*s + 48916 - 20740. What are the prime factors of s?
2, 89, 107
Suppose -2*c - 2 = -4*f, 4*f - 3*c = 6*f - 21. Suppose -f*g + 4*b = -34, -5*g = -4*b + 19 - 81. List the prime factors of g.
2, 7
Suppose 0 = -5*x + 7*c + 28342, -202*x = -207*x - 3*c + 28332. List the prime factors of x.
3, 1889
Let u(t) = -2*t - 51. Let p be u(-24). What are the prime factors of p + (0 - -2 - -20) + 4?
23
Let t(p) = -395*p - 8. Let u be -4 + (5 - -5)/5. List the prime factors of t(u).
2, 17, 23
Let t(n) = 16*n**2 + 57*n - 30. List the prime factors of t(-24).
2, 3, 1303
Suppose 0 = -4*i + 5*h + 60554 + 20722, 0 = -i + 2*h + 20316. List the prime factors of i.
2, 5081
Suppose 48746 + 20842 = 12*z. What are the prime factors of z?
3, 1933
Let i(o) = -2*o**3 - 109*o**2 - 338*o + 207. What are the prime factors of i(-54)?
3, 11, 157
Let r(t) = 2*t**2 + 11*t - 26. Let d be r(-8). Suppose 18*s - 26048 = -d*s. List the prime factors of s.
2, 11, 37
Suppose 0 = -3*q - 121 + 139. What are the prime factors of q*(615/10 + 3)?
3, 43
Let c be (3 - -4 - 4)/(42/5782). Suppose k - c = 1181. List the prime factors of k.
2, 797
Let d be -494 + (-3)/(-1) + -5. Let k = d - -944. List the prime factors of k.
2, 7
Let j(t) = 78*t**2 + 42*t + 1. What are the prime factors of j(8)?
73
Suppose -5488 = -3*g + 3485. Let u = g - 657. What are the prime factors of (-24)/(-84) - u/(-14)?
167
Let c(p) = p**3 + p**2 - p - 3. Let k be c(0). Let s(x) be the third derivative of -47*x**4/24 + 19*x**3/6 + 171*x**2. What are the prime factors of s(k)?
2, 5
Suppose 3*z - 3 = 6*z. Let d = z + 0. List the prime factors of (d/2)/(7/(-1162)).
83
Suppose -x - 4*z + 1560 = 0, -4*x - z + 6195 = -0*z. Suppose 5*v = -13*v + x. What are the prime factors of v?
2, 43
Suppose -2*i - i - 2 = -5*n, -i = n - 2. Let d be (4*n)/(3/3). Suppose -212 = -0*o - d*o. What are the prime factors of o?
53
Let v = -38746 + 70410. List the prime factors of v.
2, 1979
Let j(s) = -32*s**2 + s - 3. Let f be j(-3). Let m = 411 + f. List the prime factors of m.
3, 13
Suppose -5458 - 45950 = -3*h. Suppose -23*l + 2*l + h = 0. List the prime factors of l.
2, 3, 17
Suppose 0 = 11*w + w - 7140. What are the prime factors of (w/49 - 5) + (-2)/14?
7
Let g = 17543 + -7487. What are the prime factors of g?
2, 3, 419
Suppose 0 = -5*j + 2*v - 75798 + 284718, 0 = -5*v. What are the prime factors of j?
2, 3, 1741
Let m be (-4 + -3)*6/(-14) - -8. Suppose m*k + 492 = 17*k. List the prime factors of k.
2, 41
Let u = -224 - -226. Suppose 8*v = 3*v + 3*w + 7283, -2*v - u*w = -2926. What are the prime factors of v?
1459
Let z be ((-5)/10)/((-4)/24) - 2. List the prime factors of (-310)/(-62) - (z - 467/1).
3, 157
Suppose -y - 39 + 11 = 3*v, -8 = v - y. List the prime factors of 815 + 19 + -8 + v.
19, 43
Let u(t) = 8*t + 21. Let k be u(-5). What are the prime factors of k/(95/(-1620)) + 1?
5, 13
What are the prime factors of -17*(-52)/(-442) - (-16339 - (-2)/(-1))?
16339
Let n(t) = 66*t + 15. Let m(g) = 4*g - 2. Let a be m(2). What are the prime factors of n(a)?
3, 137
Let s = 701 + 7499. What are the prime factors of s?
2, 5, 41
Let i(y) = -y + 22. Let m be i(-9). Suppose 3*s = -3*r + 33, 5*r = 3*s - 2*s + m. Suppose 0 = 3*j - r - 263. List the prime factors of j.
2, 3, 5
Let f(b) = -3*b**3 + 65*b**2 + 49*b - 278. Let y(u) = -2*u**3 + 44*u**2 + 33*u - 185. Let n(l) = 5*f(l) - 8*y(l). List t